[INFO] cloning repository https://github.com/3goliad/crondy
[INFO] running `Command { std: "git" "-c" "credential.helper=" "-c" "credential.helper=/workspace/cargo-home/bin/git-credential-null" "clone" "--bare" "https://github.com/3goliad/crondy" "/workspace/cache/git-repos/https%3A%2F%2Fgithub.com%2F3goliad%2Fcrondy", kill_on_drop: false }`
[INFO] [stderr] Cloning into bare repository '/workspace/cache/git-repos/https%3A%2F%2Fgithub.com%2F3goliad%2Fcrondy'...
[INFO] running `Command { std: "git" "rev-parse" "HEAD", kill_on_drop: false }`
[INFO] [stdout] 7a6abbd566957b4f107a5036964219b64dbda082
[INFO] checking 3goliad/crondy against master#af3c6e733a40e671550e0f0f5aeecaa13772ba56 for pr-74989
[INFO] running `Command { std: "git" "clone" "/workspace/cache/git-repos/https%3A%2F%2Fgithub.com%2F3goliad%2Fcrondy" "/workspace/builds/worker-0/source", kill_on_drop: false }`
[INFO] [stderr] Cloning into '/workspace/builds/worker-0/source'...
[INFO] [stderr] done.
[INFO] validating manifest of git repo https://github.com/3goliad/crondy on toolchain af3c6e733a40e671550e0f0f5aeecaa13772ba56
[INFO] running `Command { std: "/workspace/cargo-home/bin/cargo" "+af3c6e733a40e671550e0f0f5aeecaa13772ba56" "read-manifest" "--manifest-path" "Cargo.toml", kill_on_drop: false }`
[INFO] started tweaking git repo https://github.com/3goliad/crondy
[INFO] finished tweaking git repo https://github.com/3goliad/crondy
[INFO] tweaked toml for git repo https://github.com/3goliad/crondy written to /workspace/builds/worker-0/source/Cargo.toml
[INFO] crate git repo https://github.com/3goliad/crondy already has a lockfile, it will not be regenerated
[INFO] running `Command { std: "/workspace/cargo-home/bin/cargo" "+af3c6e733a40e671550e0f0f5aeecaa13772ba56" "fetch" "--locked" "--manifest-path" "Cargo.toml", kill_on_drop: false }`
[INFO] [stderr]     Blocking waiting for file lock on package cache
[INFO] running `Command { std: "docker" "create" "-v" "/var/lib/crater-agent-workspace/builds/worker-0/target:/opt/rustwide/target:rw,Z" "-v" "/var/lib/crater-agent-workspace/builds/worker-0/source:/opt/rustwide/workdir:ro,Z" "-v" "/var/lib/crater-agent-workspace/cargo-home:/opt/rustwide/cargo-home:ro,Z" "-v" "/var/lib/crater-agent-workspace/rustup-home:/opt/rustwide/rustup-home:ro,Z" "-e" "SOURCE_DIR=/opt/rustwide/workdir" "-e" "CARGO_TARGET_DIR=/opt/rustwide/target" "-e" "CARGO_HOME=/opt/rustwide/cargo-home" "-e" "RUSTUP_HOME=/opt/rustwide/rustup-home" "-w" "/opt/rustwide/workdir" "-m" "1610612736" "--user" "0:0" "--network" "none" "rustops/crates-build-env@sha256:d92eaeed33fa75130ca1ee6c8a01d1ffb62bac859dfdfb3450e3e5d1c0146529" "/opt/rustwide/cargo-home/bin/cargo" "+af3c6e733a40e671550e0f0f5aeecaa13772ba56" "metadata" "--no-deps" "--format-version=1", kill_on_drop: false }`
[INFO] [stdout] 20f83c561c5081d49cfbfe1aa09f8598317f3c7d5b7cf3f5296fd1369a0ad177
[INFO] [stderr] WARNING: Your kernel does not support swap limit capabilities or the cgroup is not mounted. Memory limited without swap.
[INFO] running `Command { std: "docker" "start" "-a" "20f83c561c5081d49cfbfe1aa09f8598317f3c7d5b7cf3f5296fd1369a0ad177", kill_on_drop: false }`
[INFO] running `Command { std: "docker" "inspect" "20f83c561c5081d49cfbfe1aa09f8598317f3c7d5b7cf3f5296fd1369a0ad177", kill_on_drop: false }`
[INFO] running `Command { std: "docker" "rm" "-f" "20f83c561c5081d49cfbfe1aa09f8598317f3c7d5b7cf3f5296fd1369a0ad177", kill_on_drop: false }`
[INFO] [stdout] 20f83c561c5081d49cfbfe1aa09f8598317f3c7d5b7cf3f5296fd1369a0ad177
[INFO] running `Command { std: "docker" "create" "-v" "/var/lib/crater-agent-workspace/builds/worker-0/target:/opt/rustwide/target:rw,Z" "-v" "/var/lib/crater-agent-workspace/builds/worker-0/source:/opt/rustwide/workdir:ro,Z" "-v" "/var/lib/crater-agent-workspace/cargo-home:/opt/rustwide/cargo-home:ro,Z" "-v" "/var/lib/crater-agent-workspace/rustup-home:/opt/rustwide/rustup-home:ro,Z" "-e" "SOURCE_DIR=/opt/rustwide/workdir" "-e" "CARGO_TARGET_DIR=/opt/rustwide/target" "-e" "CARGO_INCREMENTAL=0" "-e" "RUST_BACKTRACE=full" "-e" "RUSTFLAGS=--cap-lints=forbid" "-e" "CARGO_HOME=/opt/rustwide/cargo-home" "-e" "RUSTUP_HOME=/opt/rustwide/rustup-home" "-w" "/opt/rustwide/workdir" "-m" "1610612736" "--user" "0:0" "--network" "none" "rustops/crates-build-env@sha256:d92eaeed33fa75130ca1ee6c8a01d1ffb62bac859dfdfb3450e3e5d1c0146529" "/opt/rustwide/cargo-home/bin/cargo" "+af3c6e733a40e671550e0f0f5aeecaa13772ba56" "check" "--frozen" "--all" "--all-targets" "--message-format=json", kill_on_drop: false }`
[INFO] [stdout] a8a148055db4869f896fd107816c594551f72d274677c76a7b14cb30b6743a04
[INFO] [stderr] WARNING: Your kernel does not support swap limit capabilities or the cgroup is not mounted. Memory limited without swap.
[INFO] running `Command { std: "docker" "start" "-a" "a8a148055db4869f896fd107816c594551f72d274677c76a7b14cb30b6743a04", kill_on_drop: false }`
[INFO] [stderr]     Checking cfg-if v0.1.5
[INFO] [stderr]    Compiling proc-macro2 v0.4.20
[INFO] [stderr]     Checking ucd-util v0.1.1
[INFO] [stderr]    Compiling regex v1.0.5
[INFO] [stderr]    Compiling failure_derive v0.1.3
[INFO] [stderr]     Checking utf8-ranges v1.0.1
[INFO] [stderr]     Checking quick-error v1.2.2
[INFO] [stderr]     Checking termcolor v1.0.4
[INFO] [stderr]     Checking arc-swap v0.3.1
[INFO] [stderr]    Compiling memchr v2.1.0
[INFO] [stderr]     Checking lazy_static v1.1.0
[INFO] [stderr]     Checking log v0.4.5
[INFO] [stderr]     Checking backtrace v0.3.9
[INFO] [stderr]     Checking humantime v1.1.1
[INFO] [stderr]     Checking thread_local v0.3.6
[INFO] [stderr]     Checking regex-syntax v0.6.2
[INFO] [stderr]     Checking signal-hook v0.1.5
[INFO] [stderr]     Checking aho-corasick v0.6.8
[INFO] [stderr]     Checking nom v4.1.1
[INFO] [stderr]    Compiling quote v0.6.8
[INFO] [stderr]    Compiling syn v0.15.13
[INFO] [stderr]     Checking env_logger v0.5.13
[INFO] [stderr]     Checking pretty_env_logger v0.2.4
[INFO] [stderr]    Compiling synstructure v0.10.0
[INFO] [stderr]     Checking failure v0.1.3
[INFO] [stderr]     Checking crondy v0.1.0 (/opt/rustwide/workdir)
[INFO] [stdout] error[E0433]: failed to resolve: use of undeclared type or module `thread`
[INFO] [stdout]   --> src/main.rs:89:9
[INFO] [stdout]    |
[INFO] [stdout] 89 |         thread::sleep(wait);
[INFO] [stdout]    |         ^^^^^^ use of undeclared type or module `thread`
[INFO] [stdout] 
[INFO] [stdout] 
[INFO] [stdout] error[E0425]: cannot find value `one_minute` in this scope
[INFO] [stdout]   --> src/main.rs:86:76
[INFO] [stdout]    |
[INFO] [stdout] 86 |         let target = time_running.duration_since(SystemTime::UNIX_EPOCH) + one_minute;
[INFO] [stdout]    |                                                                            ^^^^^^^^^^ not found in this scope
[INFO] [stdout] 
[INFO] [stdout] 
[INFO] [stdout] error[E0425]: cannot find value `one_second` in this scope
[INFO] [stdout]   --> src/main.rs:87:90
[INFO] [stdout]    |
[INFO] [stdout] 87 |         let wait = (target - SystemTime::now().duration_since(SystemTime::UNIX_EPOCH)) + one_second;
[INFO] [stdout]    |                                                                                          ^^^^^^^^^^ not found in this scope
[INFO] [stdout] 
[INFO] [stdout] 
[INFO] [stdout] error[E0433]: failed to resolve: use of undeclared type or module `thread`
[INFO] [stdout]   --> src/main.rs:89:9
[INFO] [stdout]    |
[INFO] [stdout] 89 |         thread::sleep(wait);
[INFO] [stdout]    |         ^^^^^^ use of undeclared type or module `thread`
[INFO] [stdout] 
[INFO] [stdout] 
[INFO] [stdout] error[E0425]: cannot find value `one_minute` in this scope
[INFO] [stdout]   --> src/main.rs:86:76
[INFO] [stdout]    |
[INFO] [stdout] 86 |         let target = time_running.duration_since(SystemTime::UNIX_EPOCH) + one_minute;
[INFO] [stdout]    |                                                                            ^^^^^^^^^^ not found in this scope
[INFO] [stdout] 
[INFO] [stdout] 
[INFO] [stdout] error[E0425]: cannot find value `one_second` in this scope
[INFO] [stdout]   --> src/main.rs:87:90
[INFO] [stdout]    |
[INFO] [stdout] 87 |         let wait = (target - SystemTime::now().duration_since(SystemTime::UNIX_EPOCH)) + one_second;
[INFO] [stdout]    |                                                                                          ^^^^^^^^^^ not found in this scope
[INFO] [stdout] 
[INFO] [stdout] 
[INFO] [stdout] warning: use of deprecated associated function `failure::core::str::<impl str>::trim_left`: superseded by `trim_start`
[INFO] [stdout]    --> src/crontab.rs:103:31
[INFO] [stdout]     |
[INFO] [stdout] 103 |             let mut value = v.trim_left();
[INFO] [stdout]     |                               ^^^^^^^^^ help: replace the use of the deprecated associated function: `trim_start`
[INFO] [stdout]     |
[INFO] [stdout]     = note: `#[warn(deprecated)]` on by default
[INFO] [stdout] 
[INFO] [stdout] 
[INFO] [stdout] warning: use of deprecated associated function `failure::core::str::<impl str>::trim_right`: superseded by `trim_end`
[INFO] [stdout]    --> src/crontab.rs:107:35
[INFO] [stdout]     |
[INFO] [stdout] 107 |             CrontabLine::Env(name.trim_right().to_string(), value.to_string())
[INFO] [stdout]     |                                   ^^^^^^^^^^ help: replace the use of the deprecated associated function: `trim_end`
[INFO] [stdout] 
[INFO] [stdout] 
[INFO] [stdout] warning: use of deprecated associated function `failure::core::str::<impl str>::trim_left`: superseded by `trim_start`
[INFO] [stdout]    --> src/crontab.rs:103:31
[INFO] [stdout]     |
[INFO] [stdout] 103 |             let mut value = v.trim_left();
[INFO] [stdout]     |                               ^^^^^^^^^ help: replace the use of the deprecated associated function: `trim_start`
[INFO] [stdout]     |
[INFO] [stdout]     = note: `#[warn(deprecated)]` on by default
[INFO] [stdout] 
[INFO] [stdout] 
[INFO] [stdout] warning: use of deprecated associated function `failure::core::str::<impl str>::trim_right`: superseded by `trim_end`
[INFO] [stdout]    --> src/crontab.rs:107:35
[INFO] [stdout]     |
[INFO] [stdout] 107 |             CrontabLine::Env(name.trim_right().to_string(), value.to_string())
[INFO] [stdout]     |                                   ^^^^^^^^^^ help: replace the use of the deprecated associated function: `trim_end`
[INFO] [stdout] 
[INFO] [stdout] 
[INFO] [stdout] error: aborting due to 3 previous errors; 2 warnings emitted
[INFO] [stdout] 
[INFO] [stdout] 
[INFO] [stdout] Some errors have detailed explanations: E0425, E0433.
[INFO] [stdout] 
[INFO] [stdout] For more information about an error, try `rustc --explain E0425`.
[INFO] [stdout] 
[INFO] [stderr] error: could not compile `crondy`.
[INFO] [stderr] 
[INFO] [stderr] To learn more, run the command again with --verbose.
[INFO] [stderr] warning: build failed, waiting for other jobs to finish...
[INFO] [stdout] error: aborting due to 3 previous errors; 2 warnings emitted
[INFO] [stdout] 
[INFO] [stdout] 
[INFO] [stdout] Some errors have detailed explanations: E0425, E0433.
[INFO] [stdout] 
[INFO] [stdout] For more information about an error, try `rustc --explain E0425`.
[INFO] [stdout] 
[INFO] [stderr] error: build failed
[INFO] running `Command { std: "docker" "inspect" "a8a148055db4869f896fd107816c594551f72d274677c76a7b14cb30b6743a04", kill_on_drop: false }`
[INFO] running `Command { std: "docker" "rm" "-f" "a8a148055db4869f896fd107816c594551f72d274677c76a7b14cb30b6743a04", kill_on_drop: false }`
[INFO] [stdout] a8a148055db4869f896fd107816c594551f72d274677c76a7b14cb30b6743a04
